nvert -2 (base 11) to base 16.
-2
20 (base 16) to base 11
2a
25 (base 14) to base 16
21
Convert -11 (base 2) to base 10.
-3
Convert -20 (base 12) to base 16.
-18
Convert 0 (base 13) to base 7.
0
Convert b (base 14) to base 11.
10
0 (base 14) to base 10
0
-10 (base 3) to base 14
-3
-8 (base 11) to base 4
-20
What is 8 (base 13) in base 4?
20
What is -100 (base 4) in base 5?
-31
34 (base 16) to base 2
110100
Convert -10 (base 2) to base 7.
-2
-10010 (base 3) to base 7
-150
Convert 160 (base 10) to base 7.
316
What is 1 (base 6) in base 9?
1
-12120 (base 3) to base 14
-aa
50 (base 12) to base 7
114
-4 (base 13) to base 14
-4
Convert -20 (base 5) to base 12.
-a
What is -1 (base 7) in base 12?
-1
Convert 20 (base 15) to base 11.
28
-118 (base 9) to base 7
-200
What is -310 (base 4) in base 3?
-1221
What is -111 (base 5) in base 8?
-37
-5 (base 16) to base 12
-5
Convert -3 (base 9) to base 14.
-3
Convert 2 (base 11) to base 6.
2
Convert b (base 15) to base 6.
15
Convert -74 (base 9) to base 13.
-52
What is 142 (base 16) in base 7?
640
Convert -2 (base 13) to base 3.
-2
What is -14 (base 12) in base 8?
-20
3024 (base 5) to base 15
1ae
Convert -20 (base 3) to base 13.
-6
Convert -13 (base 8) to base 11.
-10
Convert -2 (base 11) to base 6.
-2
0 (base 4) to base 11
0
Convert 131 (base 6) to base 7.
106
What is 20 (base 9) in base 10?
18
Convert 30 (base 13) to base 2.
100111
Convert 1521 (base 6) to base 4.
12121
14 (base 5) to base 11
9
Convert 1004 (base 5) to base 7.
243
What is -10 (base 10) in base 4?
-22
-8 (base 13) to base 14
-8
What is -1010111 (base 2) in base 7?
-153
-123 (base 4) to base 16
-1b
Convert 1010 (base 2) to base 15.
a
What is -32 (base 4) in base 8?
-16
0 (base 16) to base 4
0
What is -1 (base 12) in base 13?
-1
22 (base 9) to base 2
10100
Convert -22 (base 7) to base 3.
-121
What is -a4 (base 13) in base 15?
-8e
-193 (base 14) to base 4
-11011
Convert -5 (base 7) to base 13.
-5
2 (base 13) to base 11
2
Convert 6 (base 13) to base 12.
6
What is 303 (base 11) in base 3?
111120
Convert 3 (base 15) to base 6.
3
What is -2a (base 14) in base 13?
-2c
Convert 4 (base 10) to base 8.
4
Convert -1011 (base 5) to base 6.
-335
What is d (base 15) in base 3?
111
What is 19 (base 13) in base 9?
24
-3 (base 9) to base 7
-3
Convert 1 (base 6) to base 3.
1
What is 10 (base 7) in base 12?
7
21 (base 3) to base 2
111
What is 5 (base 6) in base 7?
5
13 (base 10) to base 5
23
What is 10 (base 8) in base 3?
22
13 (base 4) to base 16
7
-a5 (base 11) to base 3
-11021
-11 (base 5) to base 12
-6
Convert -11111 (base 2) to base 3.
-1011
1 (base 11) to base 15
1
Convert -2a (base 13) to base 8.
-44
What is 5 (base 14) in base 7?
5
29 (base 10) to base 14
21
What is 20 (base 4) in base 14?
8
-2 (base 10) to base 11
-2
What is 1 (base 15) in base 2?
1
10000 (base 2) to base 16
10
What is 5 (base 15) in base 11?
5
-5 (base 12) to base 13
-5
What is 111 (base 2) in base 9?
7
What is 0 (base 12) in base 4?
0
101000 (base 2) to base 6
104
1 (base 7) to base 12
1
-4 (base 6) to base 13
-4
Convert 1002 (base 4) to base 10.
66
Convert -64 (base 11) to base 2.
-1000110
What is 2 (base 10) in base 4?
2
5 (base 7) to base 4
11
What is -c (base 15) in base 9?
-13
What is -24 (base 5) in base 8?
-16
What is -2 (base 14) in base 9?
-2
What is 2 (base 5) in base 6?
2
What is -1110 (base 2) in base 11?
-13
What is 11 (base 5) in base 3?
20
What is 15 (base 14) in base 4?
103
30 (base 7) to base 8
25
What is 2 (base 3) in base 11?
2
33 (base 4) to base 12
13
-35 (base 10) to base 15
-25
-4 (base 9) to base 6
-4
What is 0 (base 14) in base 11?
0
4b (base 12) to base 2
111011
What is 1b (base 12) in base 5?
43
Convert -4 (base 12) to base 13.
-4
62 (base 10) to base 6
142
Convert -3 (base 16) to base 12.
-3
Convert 263 (base 9) to base 6.
1003
Convert -31 (base 13) to base 7.
-55
What is a (base 14) in base 15?
a
What is -20 (base 10) in base 14?
-16
-101 (base 2) to base 16
-5
-1202 (base 5) to base 16
-b1
Convert 2 (base 9) to base 6.
2
-10 (base 2) to base 10
-2
Convert 212 (base 3) to base 4.
113
Convert -4 (base 14) to base 5.
-4
Convert 55 (base 13) to base 2.
1000110
What is 1 (base 13) in base 3?
1
-11 (base 13) to base 12
-12
104 (base 14) to base 10
200
-2212 (base 3) to base 13
-5c
1021 (base 3) to base 6
54
-113 (base 4) to base 10
-23
Convert -10 (base 16) to base 6.
-24
What is -21 (base 6) in base 12?
-11
Convert -c (base 14) to base 5.
-22
What is -57 (base 9) in base 15?
-37
Convert 55 (base 13) to base 16.
46
What is 0 (base 9) in base 12?
0
What is 103 (base 6) in base 15?
29
What is 132 (base 10) in base 3?
11220
2021 (base 3) to base 4
331
321 (base 4) to base 10
57
-15 (base 10) to base 7
-21
224 (base 7) to base 6
312
Convert 41 (base 11) to base 16.
2d
-15 (base 8) to base 13
-10
Convert 2 (base 12) to base 11.
2
-6 (base 8) to base 9
-6
1 (base 7) to base 14
1
Convert -65 (base 14) to base 15.
-5e
-4 (base 8) to base 7
-4
41 (base 10) to base 6
105
-1a (base 15) to base 10
-25
Convert 45 (base 6) to base 14.
21
Convert -5 (base 9) to base 13.
-5
What is -1322 (base 5) in base 14?
-112
Convert 5 (base 8) to base 10.
5
-10000 (base 2) to base 16
-10
What is 7 (base 15) in base 5?
12
Convert 4 (base 14) to base 2.
100
Convert -10 (base 4) to base 3.
-11
What is -1 (base 11) in base 5?
-1
Convert 22100 (base 3) to base 15.
100
Convert -48 (base 13) to base 4.
-330
What is 27 (base 15) in base 8?
45
12 (base 8) to base 3
101
2 (base 16) to base 15
2
-12 (base 9) to base 14
-b
-107 (base 8) to base 2
-1000111
What is -43 (base 5) in base 3?
-212
2 (base 6) to base 2
10
What is 300 (base 4) in base 9?
53
-11 (base 10) to base 7
-14
Convert -1 (base 12) to base 4.
-1
2023 (base 4) to base 8
213
Convert 4 (base 6) to base 9.
4
-12 (base 13) to base 16
-f
What is -1010 (base 2) in base 4?
-22
-30 (base 13) to base 3
-1110
What is 49 (base 14) in base 5?
230
c0 (base 13) to base 10
156
What is 4 (base 16) in base 8?
4
Convert 210 (base 3) to base 7.
30
Convert -6 (base 12) to base 11.
-6
Convert 7 (base 8) to base 3.
21
Convert -4 (base 6) to base 10.
-4
-357 (base 11) to base 4
-12221
Convert 7 (base 8) to base 2.
111
What is 12 (base 3) in base 5?
10
1001 (base 3) to base 14
20
What is 1 (base 7) in base 13?
1
What is -4 (base 12) in base 8?
-4
Convert -f (base 16) to base 14.
-11
212 (base 3) to base 14
19
Convert 3 (base 6) to base 7.
3
-35 (base 7) to base 3
-222
1000 (base 2) to base 4
20
11 (base 3) to base 2
100
13e (base 15) to base 12
1b8
-5d (base 15) to base 3
-10021
Convert 1332 (base 4) to base 6.
330
What is 56 (base 11) in base 5?
221
Convert 44 (base 14) to base 13.
48
Convert 2210 (base 3) to base 10.
75
What is 10 (base 2) in base 16?
2
-c6 (base 13) to base 7
-321
What is -30 (base 10) in base 15?
-20
22000 (base 3) to base 14
116
Convert -110210 (base 3) to base 6.
-1333
-232 (base 5) to base 11
-61
What is 11 (base 3) in base 4?
10
Convert 2 (base 3) to base 12.
2
What is 14 (base 16) in base 15?
15
What is -52 (base 6) in base 7?
-44
What is 7 (base 11) in base 16?
7
Convert 23 (base 5) to base 11.
12
Convert -100 (base 5) to base 2.
-11001
Convert 3 (base 11) to base 15.
3
What is -4 (base 16) in base 4?
-10
14 (base 11) to base 7
21
9 (base 16) to base 5
14
What is -11 (base 13) in base 7?
-20
-322 (base 5) to base 16
-57
Convert -12 (base 14) to base 3.
-121
-1 (base 3) to base 10
-1
Convert 5 (base 16) to base 13.
5
Convert 0 (base 2) to base 9.
0
What is 14 (base 5) in base 10?
9
What is 44 (base 12) in base 16?
34
Convert -10 (base 16) to base 7.
-22
7 (base 14) to base 11
7
Convert -13 (base 5) to base 12.
-8
Convert 15 (base 6) to base 5.
21
Convert -15 (base 6) to base 5.
-21
5 (base 12) to base 14
5
Convert 12100 (base 3) to base 14.
a4
Convert 8a (base 11) to base 9.
118
Convert 231 (base 9) to base 14.
d8
-14 (base 12) to base 4
-100
-1 (base 2) to base 14
-1
What is 11 (base 3) in base 7?
4
-27 (base 15) to base 3
-1101
What is -4 (base 6) in base 13?
-4
-10 (base 8) to base 16
-8
1 (base 11) to base 13
1
What is 2 (base 4) in base 6?
2
What is 21 (base 8) in base 13?
14
Convert 1 (base 5) to base 6.
1
What is 4 (base 9) in base 7?
4
What is 19 (base 15) in base 10?
24
-246 (base 7) to base 13
-a2
202 (base 4) to base 6
5